93
Let g = 43 - 39. Suppose 40 = g*z + 2*m, -3*z - z = -2*m - 40. Suppose -z*w + w + 630 = 0. List the prime factors of w.
2, 5, 7
Let a(i) = 14*i**2 - 53*i - 196. List the prime factors of a(23).
3, 1997
Let p(w) = w - 2. Let c be p(-5). Let t be (-4 - 46/c) + 6/14. List the prime factors of t + -2 - (4 - 20).
17
Let z = 4301 + -1768. List the prime factors of z.
17, 149
Let d be (190/(-8))/(1/(-4)). Suppose 0*k = -3*k - 3, -5*p = 5*k - d. Suppose 0 = -19*s + p*s - 44. List the prime factors of s.
2, 11
Suppose 1015308 = 252*h - 189*h. What are the prime factors of h?
2, 3, 17, 79
Let f(c) = -2*c**3 + 4*c + 69. List the prime factors of f(-10).
2029
Let p(q) = -10*q + 3. Let i be p(0). What are the prime factors of (-2666)/(-12) - i/18?
2, 3, 37
Suppose -6*o = -3*o. Let p be (-30)/(-36)*(o - -6). Suppose 2*g = p*c + 3*g - 88, -c + 16 = g. What are the prime factors of c?
2, 3
Suppose 5*u + 4*z - 7*z = 236, -2*u + 113 = 5*z. Let b = u + -18. Suppose 3*m - b = 2*j - 0*j, -3*m = 3*j - 36. What are the prime factors of m?
11
Let b(u) = -5*u**3 - 4*u**2 - 12*u - 9. Let q be b(-1). Suppose -q*h + 1033 = -5*s, -2*h = -3*s - 461 - 56. What are the prime factors of h?
257
Let r(q) = -q**3 + q**2 + 7*q + 1. Let s = -33 - -36. Let n be r(s). Suppose 3*f + 4*y - 400 = -f, -n*y - 286 = -3*f. List the prime factors of f.
2, 7
Let m(j) = -j**3 - 83*j**2 + 373*j - 100. List the prime factors of m(-88).
2, 3, 7, 23
Suppose 0 = 7*c - 9*c + 6. Let z be (10/(-8))/(c/(-24)). Suppose -t + 23 = 4*a, -3*a - z = -5*a - 2*t. What are the prime factors of a?
2, 3
Let r(n) = -n**2 + 77*n + 7. Suppose -5*w - a + 60 = -6*a, -5*w + 2*a + 45 = 0. List the prime factors of r(w).
7, 71
Let d(p) = p**2 - 15*p + 17. Let n be d(-7). Suppose 3*y - 2*g = 984, -y + n = -3*g - 150. What are the prime factors of y?
2, 3, 5, 11
Let d be (-54)/(-6) - -2*1. Suppose d*f - 6*f = 2955. List the prime factors of f.
3, 197
Let q(n) = n**3 - n**2 + n + 342. Let y be q(0). Let j = 699 - y. List the prime factors of j.
3, 7, 17
Suppose 5*s - 13 = -13. Suppose 2*v = -s*v + 758. List the prime factors of v.
379
Suppose -36 = i - 33, -o = -3*i - 16396. What are the prime factors of o?
7, 2341
Suppose c - 10 + 62 = 0. Let h = -38 - c. Let n(f) = f**2 - 8*f - 1. What are the prime factors of n(h)?
83
Let a(q) be the third derivative of q**6/120 + 7*q**5/20 - q**4/6 + 7*q**3 + q**2 + 90. List the prime factors of a(-20).
2, 3, 29
Let y(c) = -6*c**2 - 3*c - 1. Let a be y(-3). Suppose 3*b + 0*d - 301 = 5*d, -2*b + 222 = 2*d. Let x = a + b. What are the prime factors of x?
61
Let n(t) = t**2 - 4*t + 10. Let v be n(4). List the prime factors of v/((-28)/(-596)*(-6)/(-21)).
5, 149
Suppose -3*s = -f - 2193, -12*s - 3*f - 3659 = -17*s. Suppose 3*b - 3*p = -4*p + 733, 2*p = 3*b - s. What are the prime factors of b?
2, 61
Suppose 4*o = 2*v + 4, 8 = o - 0*v - 4*v. Suppose -9*k + 1718 + 631 = o. What are the prime factors of k?
3, 29
Let i = 22 + 82. Let n be i + (8/10)/(2/(-5)). Suppose -c = -n + 35. List the prime factors of c.
67
Let y be (-13 + 18/6)*(-1)/2. Suppose z + 5 = 4*u, y*u = 4*z + u + 20. What are the prime factors of (-2)/(-5) + (-4 - 378/z)?
2, 3
Let j be (-3 - 4 - (-9)/9) + 4. What are the prime factors of ((-3)/(-6))/(j*4/(-12256))?
2, 383
Let o = -137 + 140. Suppose o*t = -12, 22 = -3*f - 2*t - 2*t. List the prime factors of (29*f)/((-6)/30).
2, 5, 29
Let y(c) = c**3 + 3*c**2 - 11*c + 9. Let t(s) = s**3 + 6*s**2 - 23*s + 17. Let k(i) = 4*t(i) - 9*y(i). List the prime factors of k(-5).
2, 251
Suppose 10 + 5 = 3*o, o = y - 1022. List the prime factors of y.
13, 79
Let n(i) = -i**2 - 6*i + 9. Let z be n(-7). List the prime factors of (z/5*5)/((-10)/(-1645)).
7, 47
Suppose -10*t - 10 = -0. Let l(w) = 123*w**3 - w**2 + 2*w. Let j(m) = 492*m**3 - 5*m**2 + 9*m. Let n(z) = 2*j(z) - 9*l(z). What are the prime factors of n(t)?
2, 61
Suppose -11*c + 20 = -6*c. Suppose 97 - 365 = -c*f. Suppose 5*m = 2*t + 3*t - 455, -t = 5*m - f. List the prime factors of t.
3, 29
Suppose -19*j + 10272 = -19824. Suppose 5*u - j = -3*u. List the prime factors of u.
2, 3, 11
Suppose 281*j = 293*j - 53076. List the prime factors of j.
4423
Suppose 4*t + 5 = -5*a, -3*a + 2*t = -2*t - 29. Suppose 5*u + a*v - 4665 = 0, -2*u + v = 2*u - 3749. What are the prime factors of u?
2, 3, 13
What are the prime factors of ((-4)/((-16)/(-244)))/((8 - -7)/(-1155))?
7, 11, 61
List the prime factors of (-328)/16 - -21 - 87178/(-4).
3, 5, 1453
What are the prime factors of ((-11356)/8)/((-52)/208)?
2, 17, 167
List the prime factors of (-582)/2*(20 - 542)/18.
3, 29, 97
Let p(l) = -101*l**2 - 7*l - 5. Let o be p(-3). Let s = o + 468. What are the prime factors of (-3)/(45/s) + 2/(-6)?
2, 7
Let i be 1/((-5)/(41 - 6)) - -4. What are the prime factors of 18938/18 + i/27?
2, 263
Suppose -i = 181 - 151. List the prime factors of 2705/(-4)*48/i.
2, 541
Suppose 0 = 4*i - 8*i + 248. Suppose -2*w + 330 = -i. Suppose -47 = -3*z + w. List the prime factors of z.
3
Suppose -55549 = -5*o - 4*k, 0 = -4*o + 4*k + 36005 + 8427. Suppose -786 = -13*w + o. What are the prime factors of w?
3, 5, 61
Suppose 0 = i + 32 - 28. Let b be (-26110)/(-130) + i/(-26). Let y = b + -129. What are the prime factors of y?
2, 3
Let m = 68004 + 3400. What are the prime factors of m?
2, 17851
Let o(b) = -7*b**3 - 32*b**2 - 10*b + 72. What are the prime factors of o(-13)?
3, 3391
Let f(g) = -g**3 - 21*g**2 + 24*g + 93. Let n be f(-21). Let s = 1198 + n. List the prime factors of s.
787
Suppose -2*g = -8*g + 30. Suppose -a = -g*l - 67, -l + 66 = a + 17. Suppose -a = -3*r + 77. List the prime factors of r.
43
Let f = 119 - -553. Suppose -f = -6*m + 288. Suppose -g = -3*g + m. What are the prime factors of g?
2, 5
List the prime factors of ((-65694)/(-30) - -5)/((-16)/(-120)).
3, 31, 59
List the prime factors of (-2)/5 + 154898703/2745.
73, 773
Let p(m) = 19*m**2 + 33*m - 976. List the prime factors of p(-31).
2, 3, 5, 271
Suppose 0*u + 1 = -u. Let o be 2 - (-3 + u*88). Let d = o + -29. List the prime factors of d.
2
Let z(g) = 223*g**2 - 31*g - 15. List the prime factors of z(-2).
3, 313
What are the prime factors of (-225)/90*14026/(-5)?
7013
Suppose 3*j - 2*u + 3*u - 53 = 0, 0 = -3*j - 3*u + 57. Suppose 0 = 3*t - 2*h - 982, -t + 314 = -j*h + 13*h. List the prime factors of t.
2, 3, 5, 11
Let x = -30868 + 54539. What are the prime factors of x?
23671
Let d = -88 + 303. Let s = d - -636. What are the prime factors of s?
23, 37
Suppose -2*l - 362 = 4*q, -7*q + 892 = -5*l - 4*q. Suppose 0 = 4*c + 30 - 1342. Let g = l + c. What are the prime factors of g?
149
Suppose 2*j = 5*j + 6, -5*j - 26 = -4*y. Let s = 17 - 8. List the prime factors of s*(y + -3 + 2).
3
Let d(i) be the first derivative of i**3/3 + 3*i**2 - 7*i - 1. Let m be d(7). Let p = m - -13. List the prime factors of p.
97
Suppose 0 = 8*a - 356 - 1996. Let f be (50/(-8) - -5)/((-2)/8). Suppose -2*s - 2*u + a = 0, -f*s - 4*u + 738 = -0*s. List the prime factors of s.
2, 3, 5
Let l(v) = 5*v + 40. Let s be l(-6). List the prime factors of s*2/(-4) + 326.
3, 107
Let y(j) = 2*j**3 - 66*j**2 + 5*j + 278. What are the prime factors of y(33)?
443
Let o = -218 - -441. Suppose -s = o - 913. What are the prime factors of s?
2, 3, 5, 23
Let w be 6156/(-12)*(1 - 0). Let q be 3/1 - (w - (4 + -3)). Suppose 0 = -3*u + 3*p + 771, 4*p - q = -2*u + 3*p. List the prime factors of u.
2, 3, 43
Let p be (60/(-2 + 6))/(1 - 0). Suppose 13*t - p*t + 10 = 0. Suppose -62 = t*q - 7*q. List the prime factors of q.
31
Suppose x = -2*x - j + 20, -j - 5 = -2*x. Suppose 6 = 3*a + 3, -2*a = x*t - 437. Let g = t + -19. List the prime factors of g.
2, 17
Suppose -4*w = -3*l - 2*l - 149, 0 = -3*l - w - 103. What are the prime factors of (l - -58)/(44/(-46) + 1)?
5, 23
Let v = -4072 + 10038. What are the prime factors of v?
2, 19, 157
Suppose 2*a = 9*d - 4*d - 23311, 0 = 3*d - 2*a - 13989. Suppose 3*p = -3*k + d - 1544, 0 = 3*p - 2*k - 3092. What are the prime factors of p?
2, 11, 47
Suppose 5*t + 3505 = 5*p, -3*t + 1521 - 124 = 2*p. Let h = p - 416. List the prime factors of h.
2, 71
Let j be ((-1529)/(-22))/(-1)*(0 + -14). Let r = j + -690. List the prime factors of r.
283
Let v(q) = 329*q - 4. Let z be v(4). Let k = z - 736. What are the prime factors of k